es 18 divide 479?
False
Does 197 divide 70329?
True
Is 13284 a multiple of 123?
True
Is 110 a factor of 32316?
False
Does 29 divide 1071?
False
Is 4568 a multiple of 9?
False
Is 43 a factor of 1699?
False
Does 112 divide 91650?
False
Is 12 a factor of 9169?
False
Does 3 divide 102?
True
Is 1683 a multiple of 32?
False
Is 8385 a multiple of 129?
True
Is 12 a factor of 2508?
True
Does 40 divide 97712?
False
Is 268 a multiple of 62?
False
Is 32 a factor of 6392?
False
Is 4 a factor of 336?
True
Is 18 a factor of 48450?
False
Does 73 divide 293?
False
Does 122 divide 2801?
False
Does 3 divide 2598?
True
Does 10 divide 700?
True
Does 29 divide 592?
False
Is 104 a factor of 25168?
True
Is 3771 a multiple of 21?
False
Is 37758 a multiple of 291?
False
Is 505 a multiple of 5?
True
Is 2647 a multiple of 58?
False
Is 74 a multiple of 74?
True
Is 962 a multiple of 28?
False
Does 4 divide 5121?
False
Is 2222 a multiple of 22?
True
Is 3 a factor of 118?
False
Is 16320 a multiple of 16?
True
Is 12173 a multiple of 18?
False
Is 1092 a multiple of 91?
True
Is 24 a factor of 767?
False
Is 6 a factor of 1404?
True
Does 29 divide 2893?
False
Does 37 divide 3404?
True
Is 38 a factor of 1291?
False
Is 2853 a multiple of 9?
True
Is 22560 a multiple of 165?
False
Is 15281 a multiple of 7?
True
Is 485 a multiple of 31?
False
Is 85089 a multiple of 182?
False
Is 980 a multiple of 49?
True
Is 1428 a multiple of 28?
True
Does 9 divide 4969?
False
Is 6 a factor of 225?
False
Is 244 a multiple of 2?
True
Is 103 a factor of 3445?
False
Does 13 divide 8255?
True
Does 32 divide 6046?
False
Is 1840 a multiple of 8?
True
Is 5 a factor of 12921?
False
Does 258 divide 152220?
True
Is 17 a factor of 185?
False
Does 91 divide 819?
True
Is 37 a factor of 13325?
False
Does 10 divide 2167?
False
Is 20 a factor of 1188?
False
Does 16 divide 976?
True
Is 18 a factor of 3960?
True
Does 152 divide 26386?
False
Is 8048 a multiple of 131?
False
Is 798 a multiple of 18?
False
Is 21 a multiple of 3?
True
Is 37 a factor of 36976?
False
Does 9 divide 504?
True
Is 11 a factor of 266?
False
Is 30 a factor of 92118?
False
Is 119 a factor of 16079?
False
Is 57 a factor of 1146?
False
Does 55 divide 568?
False
Is 4 a factor of 930?
False
Does 21 divide 1070?
False
Is 3 a factor of 815?
False
Is 32940 a multiple of 5?
True
Is 188 a factor of 13160?
True
Is 8 a factor of 1084?
False
Is 1617 a multiple of 11?
True
Does 15 divide 30?
True
Is 56859 a multiple of 33?
True
Does 21 divide 10012?
False
Is 15 a factor of 165?
True
Is 17 a factor of 13889?
True
Does 42 divide 22369?
False
Is 9 a factor of 15229?
False
Does 7 divide 10066?
True
Is 46 a factor of 2258?
False
Is 12 a factor of 3549?
False
Is 12 a factor of 5546?
False
Does 46 divide 2346?
True
Is 79056 a multiple of 16?
True
Is 8 a factor of 5566?
False
Does 92 divide 2638?
False
Is 2696 a multiple of 39?
False
Does 28 divide 476?
True
Is 27 a factor of 11934?
True
Does 10 divide 985?
False
Is 535 a multiple of 3?
False
Does 2 divide 133?
False
Does 9 divide 1692?
True
Is 1154 a multiple of 12?
False
Is 101 a factor of 11691?
False
Is 99 a factor of 1584?
True
Is 149316 a multiple of 138?
True
Is 3963 a multiple of 62?
False
Is 858 a multiple of 33?
True
Does 47 divide 70312?
True
Does 43 divide 1444?
False
Is 39 a factor of 858?
True
Does 11 divide 141?
False
Is 16 a factor of 2254?
False
Does 4 divide 1334?
False
Does 107 divide 3424?
True
Is 18 a factor of 914?
False
Does 10 divide 775?
False
Is 858 a multiple of 26?
True
Is 1596 a multiple of 67?
False
Does 16 divide 4856?
False
Is 7 a factor of 1155?
True
Is 79 a factor of 10507?
True
Is 19 a factor of 577?
False
Does 4 divide 2851?
False
Is 56 a factor of 2294?
False
Does 12 divide 1188?
True
Is 40 a multiple of 4?
True
Does 73 divide 29324?
False
Does 21 divide 1134?
True
Does 8 divide 21440?
True
Is 79 a factor of 6873?
True
Is 26 a factor of 156?
True
Is 79839 a multiple of 224?
False
Does 28 divide 2520?
True
Is 60 a factor of 1616?
False
Is 54 a factor of 859?
False
Is 12 a factor of 276?
True
Is 7 a factor of 1190?
True
Does 18 divide 10260?
True
Is 1734 a multiple of 36?
False
Is 72899 a multiple of 6?
False
Does 22 divide 1716?
True
Does 35 divide 758?
False
Is 1177 a multiple of 11?
True
Does 15 divide 53?
False
Does 16 divide 1667?
False
Does 36 divide 3348?
True
Is 17 a factor of 2499?
True
Does 117 divide 267?
False
Is 9 a factor of 229?
False
Does 92 divide 6992?
True
Does 7 divide 12691?
True
Is 202 a multiple of 2?
True
Is 25 a factor of 125?
True
Does 29 divide 4284?
False
Does 36 divide 144?
True
Is 16200 a multiple of 30?
True
Does 35 divide 910?
True
Is 1208 a multiple of 6?
False
Is 46 a factor of 945?
False
Is 70 a factor of 38850?
True
Is 52427 a multiple of 103?
True
Does 14 divide 20874?
True
Does 5 divide 3977?
False
Is 26 a factor of 963?
False
Is 6 a factor of 120?
True
Is 23 a factor of 3966?
False
Does 5 divide 26392?
False
Is 92 a factor of 15411?
False
Is 19 a factor of 19285?
True
Does 10 divide 505?
False
Does 17 divide 25542?
False
Is 82 a factor of 7692?
False
Is 1040 a multiple of 26?
True
Is 10 a factor of 760?
True
Does 4 divide 71?
False
Does 11 divide 190?
False
Is 6 a factor of 282?
True
Is 6481 a multiple of 10?
False
Is 1248 a multiple of 24?
True
Is 271 a multiple of 37?
False
Is 50 a factor of 13600?
True
Is 19 a factor of 267?
False
Is 5413 a multiple of 90?
False
Does 12 divide 5652?
True
Is 38556 a multiple of 17?
True
Is 29 a factor of 13152?
False
Is 19 a factor of 1515?
False
Does 50 divide 76152?
False
Is 4334 a multiple of 18?
False
Is 10846 a multiple of 22?
True
Is 41 a factor of 6282?
False
Is 73 a factor of 6725?
False
Is 550 a multiple of 58?
False
Is 8 a factor of 432?
True
Does 46 divide 874?
True
Is 45 a factor of 4812?
False
Does 6 divide 59106?
True
Is 3907 a multiple of 44?
False
Does 35 divide 858?
False
Does 34 divide 793?
False
Is 3 a factor of 8?
False
Is 300 a multiple of 3?
True
Is 13 a factor of 1396?
False
Is 11 a factor of 6028?
True
Does 5 divide 88?
False
Is 6262 a multiple of 62?
True
Is 453 a multiple of 9?
False
Does 117 divide 9828?
True
Is 9 a factor of 628?
False
Is 5 a factor of 90?
True
Is 3 a factor of 166?
False
Does 126 divide 21779?
False
Is 43803 a multiple of 31?
True
Is 87 a factor of 12074?
False
Does 79 divide 1975?
True
Is 9568 a multiple of 46?
True
Is 6923 a multiple of 43?
True
Does 48 divide 16560?
True
Is 4261 a multiple of 14?
False
Does 7 divide 287?
True
Is 12 a factor of 4048?
False
Is 26 a factor of 41865?
False
Is 130 a factor of 2470?
True
Does 99 divide 1584?
True
Is 110 a multiple of 6?
False
Is 12 a factor of 216?
True
Does 25 divide 200?
True
Does 15 divide 2218?
False
Is 6 a factor of 4629?
False
Is 552 a multiple of 72?
False
Does 19 divide 2848?
False
Does 11 divide 2652?
False
Does 4 divide 16300?
True
Is 19 a factor of 2831?
True
Does 7 divide 2091?
False
Is 53 a factor of 3286?
True
Is 13 a factor of 1100?
False
Does 29 divide 670?
False
Does 4 divide 171?
False
Is 19060 a multiple of 289?
False
Is 41868 a multiple of 67?
False
Does 2 divide 291?
False
Does 6 divide 408?
True
Is 22 a factor of 16940?
True
Is 43 a factor of 1407?
False
Is 73 a multiple of 25?
False
Is 12 a factor of 12424?
False
Is 59 a factor of 2124?
True
Is 37610 a multiple of 140?
False
Is 38 a multiple of 3?
False
Is 59 a factor of 2242?
True
Is 1312 a multiple of 16?
True
Does 25 divide 1277?
False
Does 13 divide 325?
True
Is 8034 a multiple of 11?
False
Is 7 a factor of 4858?
True
Is 91 a multiple of 6?
False
Is 15 a factor of 37382?
False
Is 18 a factor of 699?
False
Is 7796 a multiple of 82?
False
Does 21 divide 1911?
True
Is 27600 a multiple of 12?
True
Does 33 divide 891?
True
Does 35 divide 1272?
False
Is 306 a multiple of 9?
True
Is 15 a factor of 53774?
False
Is 7 a factor of 546?
True
Does 7 divide 115?
False
Is 18 a factor of 1611?
False
Does 17 divide 14297?
True
Is 22 a factor of 15664?
True
Is 19 a factor of 2096?
False
Is 68 a factor of 1711?
False
Is 1288 a multiple of 7?
True
Is 49 a factor of 2793?
True
Is 16 a factor of 1264?
True
Is 32 a factor of 36576?
True
Does 6 divide 10975?
False
Is 84 a factor of 9933?
False
Is 9487 a multiple of 27?
False
Is 5621 a multiple of 9?
False
Is 5